) - o(a). Give h(-1).
13
Suppose 0 = -2*z - z + 12. Let b = z - 2. Let f(k) = -3*k - b*k**2 + 3*k. What is f(1)?
-2
Let o(b) = 3*b**2 + 5*b - 6. Let g(f) = 4*f**2 + 4*f - 5. Let c(t) = -4*g(t) + 5*o(t). What is c(7)?
4
Let u(a) = -a**3 - 9*a**2 - 8*a + 10. Let c(d) = -2*d - 14. Let k be c(-3). Determine u(k).
10
Let f(k) = -3*k + 2. Let x(l) = 16*l - 11. Let p(i) = 11*f(i) + 2*x(i). Determine p(5).
-5
Let x(s) = -4*s**3 - 4*s**2 - 3*s - 4. Let w(p) = p**3 + 1. Let o(f) = -5*w(f) - x(f). What is o(4)?
11
Let x(m) = -m**3 + 9*m**2 + 2. Let b be x(9). Let a(k) be the first derivative of -3 + 0*k - 3/2*k**b. Give a(4).
-12
Let p = -13 - -16. Let d(b) = b**3 - 2*b**2 - 4*b. Determine d(p).
-3
Suppose -3*b = 2*b - 10. Let z(i) = -3*i - 4 + 2 - b*i + 0*i. Let d(c) = -11*c - 5. Let j(w) = 6*d(w) - 13*z(w). Give j(5).
-9
Let p(o) = -2*o + 2. Let h be (-2)/((-4 + 8)/4). Determine p(h).
6
Let z = 14 + -8. Let p = -3 + z. Let m(n) = -n**3 + 2*n**2 + 3*n + 4. Calculate m(p).
4
Let j(p) = 6*p + 1. Let d be 18/4*(-2)/(-3). Suppose -d*s - s = -20. Suppose 0 = 3*y + 2*n - s*n + 12, 4*y - 11 = -5*n. Determine j(y).
-5
Let k = -96 + 91. Let t(c) = -c**2 - 2*c + 2. Determine t(k).
-13
Suppose -2 = 2*j + 6. Let u(t) = -t**2 - 5*t - 6. Determine u(j).
-2
Let j = -5 - -8. Let v = -6 + j. Let i(m) be the second derivative of m**4/12 + m**3/2 - m**2 + m. Determine i(v).
-2
Let x(s) be the second derivative of s**4/6 + s**3/6 - s**2 + 2*s. What is x(2)?
8
Suppose -5*y - j + 4 = 2*j, 0 = -y - 2*j + 5. Let d(m) = -7*m**2 + 1. Determine d(y).
-6
Let q(d) = -d**3 - 9*d**2 - 6*d + 3. Let j(y) = -y**2 + y + 12. Let a be j(5). Calculate q(a).
-13
Suppose 3*y = -2*o + 6, y - 5*y = -4*o + 32. Let j(n) = n**2 - 8*n + 9. Calculate j(o).
-3
Let t(a) = 2*a**3 - 2*a**2 + a. Let d(o) = o + 5. Let v = 9 + -13. Let u be d(v). Give t(u).
1
Let a(b) = 3*b**2. Let t be a(-1). Let c(f) = 8*f**3 - 9*f**3 + t*f**2 + 3*f**3 - 2. Calculate c(-2).
-6
Let c(q) be the second derivative of q**4/12 - q**3/3 - 19*q. Give c(2).
0
Suppose -g + 7 + 0 = 4*o, -2*o + 1 = g. Let y(m) = 2*m**3 - 1 + 7*m**2 + m - 13*m**2 - m**o. Give y(6).
5
Let r(l) = l**2 + 9*l + 9. Let z be r(-8). Let d(u) = z - 2*u + 2*u**2 - 3*u + u + u. Suppose k + 0 = 2. Calculate d(k).
3
Let b(u) = -u**2 - 3*u + 4. Let c = 7 - 4. What is b(c)?
-14
Let l(f) = -6 - 9*f + 6*f + f. What is l(6)?
-18
Let r(p) = -5*p + 15 + 6*p**2 - 9 - p**3 - 2. What is r(4)?
16
Let k(i) = -i + 3*i**2 + 13 - 3*i**2 - i**2. Suppose n - 3*j = -n + 3, 0 = -4*n - 3*j - 3. Determine k(n).
13
Let g(w) = -4*w**2 - 4. Let h(o) = -5*o**2 - 3. Let v(u) = 4*g(u) - 3*h(u). Let s be (1 - 1)/(1 + 0). Determine v(s).
-7
Let n be 25*-1*(-8)/10. Suppose 0 = 5*d + 4*a - 0*a + 60, -n = 4*a. Let m = -5 - d. Let g(b) = b**2 - 3*b + 2. Determine g(m).
2
Suppose -4*u = 5*a + 3 - 2, 0 = -u + 4*a + 26. Let y(s) = -s**3 + 5*s**2 + 4*s + 2. Determine y(u).
-10
Let v(t) = t**2 + 4*t - 2. Let a(o) = o**3 - 14*o**2 + 14*o - 17. Let p be a(13). Determine v(p).
-2
Let s(c) be the first derivative of -5*c**4/2 + c**3/3 - c**2/2 - 7. Suppose -3*x + 1 = -2*x. Determine s(x).
-10
Let q(o) = o - 1. Let g(h) = 2*h - 2. Let l be g(3). Calculate q(l).
3
Let d(z) = -z + 7. Suppose 0 = -4*s - 8, 3*m - 5*s = -10 + 38. What is d(m)?
1
Let v(c) = -11*c - 1. Suppose 0 = 5*d - 4*d + 4*g - 11, 5*d = -2*g + 1. Determine v(d).
10
Let f be (1 - 2)/((-1)/2). Let q(d) = 4*d - 2*d + d - d**f + 2. Suppose -7*a + 16*a - 27 = 0. Give q(a).
2
Suppose -33 = -4*h - 13. Let g(m) = -2*m + 1. Give g(h).
-9
Let a be 2/(-4)*(-1 + 3). Suppose 5*b - 7 = 18. Let r(t) = t**2 + 5*t**3 + b*t - 4*t + 3*t**3. Calculate r(a).
-8
Suppose 0 = t - 3*s - 58 + 9, t + s = 37. Suppose -4*w = -0*w + t. Let r = w - -5. Let z(m) = -m**2 - 4*m + 5. Determine z(r).
0
Let i(o) = -21 + 6*o + 21. What is i(-1)?
-6
Let v(q) = -5*q + 2*q**2 + 2*q + 0*q + 0*q**2 + 2 + q**3. Give v(-3).
2
Let c(l) = l**2 - 2*l - 3. Let w(q) = q**2 + 2*q + 1. Let t be w(-2). Let r(g) be the first derivative of -g - 1. Let d(u) = t*c(u) - 3*r(u). What is d(2)?
0
Suppose 4*r - 2*g - 4 = 0, 0*r - 4*g = 5*r - 18. Suppose -h - 12 = -5*h. Let v(c) = -c**3 + 4*c + 0*c**3 - 3 + 4*c**r + c + 0*c**h. What is v(5)?
-3
Let q(p) = p**3 - 5*p**2 - 8*p + 7. Let i(o) = -o**2 + 2*o. Let m be i(2). Let z = 6 + m. Calculate q(z).
-5
Let g be -6*(-6)/9 + -1. Let q(v) be the second derivative of v**5/20 - v**4/6 - 2*v**3/3 - v**2/2 + v. Give q(g).
-4
Let w(p) = -7*p**2 - p - 3. Let s(l) = -l**2 + l. Let r(f) = -6*s(f) + w(f). What is r(-5)?
7
Let z(h) = 4*h**3 + 2*h - 2. Let b(y) = -3*y**3 - y + 2. Let s(v) = 3*b(v) + 2*z(v). Give s(0).
2
Let b = -6 + 8. Let k(w) = 4 - b*w**3 + w**3 + 3*w - 3. Let p be k(-2). Let s(o) = o**3 - 2*o**2 - o + 2. What is s(p)?
8
Let y(k) be the second derivative of -1/144*k**6 - k + 0*k**3 + 0*k**2 + 0 - 1/6*k**4 + 1/120*k**5. Let r(p) be the third derivative of y(p). What is r(-1)?
6
Let u(x) = 5*x - 25. Let m(w) = -3*w + 13. Let z(l) = 7*m(l) + 4*u(l). Determine z(-7).
-2
Let h = 11 + -6. Suppose z = h*z. Let a(g) = -g + 1. Give a(z).
1
Suppose 0 = -0*o + 7*o + 42. Let a(w) = w**2 + 4*w - 7. Determine a(o).
5
Let u(x) = x**2 + x. Let h(f) = f**3 - 9*f**2 - 5*f + 5. Let z(p) = -h(p) - 4*u(p). Let c = -22 - -27. Determine z(c).
0
Let c(l) = 75*l**3 - 95*l**3 - 1 + 2. Give c(-1).
21
Let u(v) = v**2 + 2*v - 5. Let k = 11 + -17. Let t be u(k). Let g be 2/7 - t/(-7). Let z(r) = r**3 - 2*r**2 - 2*r - 3. Determine z(g).
0
Let w(f) = -f**2 + 8*f + 3. Let g = -15 - -21. Calculate w(g).
15
Let i(x) = -x**3 + 30*x**2 - 12 - 19*x**2 - 11*x + 3*x. Determine i(10).
8
Let t(q) = 3*q**3 - 5*q**2 - 3*q - 10. Let j(o) = -2*o**3 + 2*o**2 + o + 5. Let p = 9 + -12. Let f(v) = p*t(v) - 5*j(v). Calculate f(-4).
5
Let z(c) = 0*c + 0*c + 15 + c - 29. Determine z(7).
-7
Let p(q) = 5*q + 2. Let o(f) = f**3 - 2*f**2 + 4*f - 2. Let m be o(2). Give p(m).
32
Let n(g) = -g**2 + 6*g - 5. Suppose 0 = 2*m + m - 12. Suppose -l + 3*l = r - 9, 4*r - m*l - 28 = 0. Calculate n(r).
0
Let k(z) be the second derivative of -z**4/12 - z**3/6 - 3*z**2/2 + z. Suppose -g - 3 = 4*v + 1, 0 = 2*g + 3*v + 3. Calculate k(g).
-3
Suppose 1 = -g - 0*g. Let p(t) = -1 + 4*t**3 - 2*t - 6*t**3 - t**2 - 3*t**3 + 2*t**3. Give p(g).
3
Suppose -3*t = 10*t. Let s(l) = l**2 - 3. Calculate s(t).
-3
Suppose -3*l + 9 = 3*b, 5*b - 23 = -0*b + 3*l. Suppose -4 = b*z, 3*r - 4 = z - 3*z. Let w(p) = p**2 - 2*p**3 - 6*p**2 + r + 3*p**3. What is w(5)?
2
Let m(u) = u - 3. Let f(a) = -4*a + 10. Let v(h) = 2*f(h) + 7*m(h). Calculate v(-1).
0
Let o(t) = t**2 + t + 1. Let r be -1 + 4 + -5 + -1. What is o(r)?
7
Let m = 2 - -1. Let b(v) = v**m + 1 - 4 + 2*v**2 - 1 + 2*v**2 + 2*v. Determine b(-3).
-1
Let u = 16 + -18. Let v(j) = j**3 - j**2 - j + 2. Give v(u).
-8
Let t(n) = 2*n - 5. Let b be t(6). Let p(z) = -b - 3 + 4 - z**2. Give p(0).
-6
Let n(k) = -k - 8. Let u = -175 + 166. What is n(u)?
1
Let o = 0 + 4. Let z(a) = -4*a**3 + a**2 + 5*a + 3*a**3 + 2*a**2 - 5. Let b be z(o). Let m(x) = -2*x - 1. Give m(b).
1
Let m(h) = -h**3 - 5*h**2 + 5*h. Let o be m(-6). Let i(d) = -1 - d**2 + o + 5*d - 1. Let q be ((-5)/(-4))/(-3*3/(-36)). Determine i(q).
4
Let o = 15 + -12. Let m(k) be the second derivative of -k**4/12 + 2*k**3/3 + k**2/2 + k. Calculate m(o).
4
Let r(g) = -g**3 + 3*g + 3. Let q be r(-2). Suppose n + 0*n = q. Let f(i) = 4*i - 5. Give f(n).
15
Let l(y) = -1 + 2 - 2 + 2 + 4*y. Let f(r) = -5*r - 2. Let o(p) = -2*f(p) - 3*l(p). Give o(4).
-7
Suppose -5*j - b + 3 = 0, 5*b = -0*j + 5*j - 15. Let p(x) = x - 3*x - 2 + 2 - j. Calculate p(-2).
3
Suppose 3*c = -3*b - 2*c, 5*b - 16 = -3*c. Let m = 11 + -20. Let g = b + m. Let f(k) = -2*k - 1. What is f(g)?
7
Let j = 3 - 1. Let m(o) = 2*o + j*o - 6*o. Let k = 10 + -7. Calculate m(k).
-6
Suppose 24 = 4*c + 4*b, 4*c - 6*c + 5*b - 16 = 0. Let k(h) = c*h - 9*h + 0*h + 1. Determine k(1).
-6
Let d(z) = -z. Suppose -j + 2*j = 0. Let n(o) = o**2 + o - 3. Let q be n(j). What is d(q)?
3
Suppose 6 = -2*h + 5*n, 4*n + 5 = -2*h - 1. Let j(u) = -4*u - 2. Give j(h).
10
Suppose -12*m = -13*m. Suppose 2*x = 2*i + 12, -3*i + 6 = 2*x - 2*i. Let a = x + m. Let g(v) = -v**2 + 3*v + 2. Give g(a).
-2
Let u(o) = o**2 - 3*o - 2. Let k = 13 + -16. Give u(k).
16
Let k(y) = 6*y**3 - y**2 + 7. Let t(r) = 5*r**3 - r**2